{"id":541,"date":"2023-11-11T09:44:42","date_gmt":"2023-11-11T09:44:42","guid":{"rendered":"https:\/\/transparencia.caaf.es\/?page_id=541"},"modified":"2025-02-28T12:42:06","modified_gmt":"2025-02-28T12:42:06","slug":"evaluacion-de-la-transparencia-en-el-caaf","status":"publish","type":"page","link":"https:\/\/transparencia.caaf.es\/?page_id=541","title":{"rendered":"Evaluaci\u00f3n de la Transparencia en el CAAF"},"content":{"rendered":"\t\t<div data-elementor-type=\"wp-page\" data-elementor-id=\"541\" class=\"elementor elementor-541\">\n\t\t\t\t\t\t<section class=\"elementor-section elementor-top-section elementor-element elementor-element-20901e0f elementor-section-height-min-height elementor-section-boxed elementor-section-height-default elementor-section-items-middle\" data-id=\"20901e0f\" data-element_type=\"section\" data-settings=\"{&quot;jet_parallax_layout_list&quot;:[{&quot;_id&quot;:&quot;1e79eeb&quot;,&quot;jet_parallax_layout_image&quot;:{&quot;url&quot;:&quot;&quot;,&quot;id&quot;:&quot;&quot;,&quot;size&quot;:&quot;&quot;},&quot;jet_parallax_layout_image_tablet&quot;:{&quot;url&quot;:&quot;&quot;,&quot;id&quot;:&quot;&quot;,&quot;size&quot;:&quot;&quot;},&quot;jet_parallax_layout_image_mobile&quot;:{&quot;url&quot;:&quot;&quot;,&quot;id&quot;:&quot;&quot;,&quot;size&quot;:&quot;&quot;},&quot;jet_parallax_layout_speed&quot;:{&quot;unit&quot;:&quot;%&quot;,&quot;size&quot;:50,&quot;sizes&quot;:[]},&quot;jet_parallax_layout_type&quot;:&quot;scroll&quot;,&quot;jet_parallax_layout_direction&quot;:null,&quot;jet_parallax_layout_fx_direction&quot;:null,&quot;jet_parallax_layout_z_index&quot;:&quot;&quot;,&quot;jet_parallax_layout_bg_x&quot;:50,&quot;jet_parallax_layout_bg_x_tablet&quot;:&quot;&quot;,&quot;jet_parallax_layout_bg_x_mobile&quot;:&quot;&quot;,&quot;jet_parallax_layout_bg_y&quot;:50,&quot;jet_parallax_layout_bg_y_tablet&quot;:&quot;&quot;,&quot;jet_parallax_layout_bg_y_mobile&quot;:&quot;&quot;,&quot;jet_parallax_layout_bg_size&quot;:&quot;auto&quot;,&quot;jet_parallax_layout_bg_size_tablet&quot;:&quot;&quot;,&quot;jet_parallax_layout_bg_size_mobile&quot;:&quot;&quot;,&quot;jet_parallax_layout_animation_prop&quot;:&quot;transform&quot;,&quot;jet_parallax_layout_on&quot;:[&quot;desktop&quot;,&quot;tablet&quot;]}],&quot;background_background&quot;:&quot;classic&quot;}\">\n\t\t\t\t\t\t\t<div class=\"elementor-background-overlay\"><\/div>\n\t\t\t\t\t\t\t<div class=\"elementor-container elementor-column-gap-default\">\n\t\t\t\t\t<div class=\"elementor-column elementor-col-100 elementor-top-column elementor-element elementor-element-41f0145f\" data-id=\"41f0145f\" data-element_type=\"column\">\n\t\t\t<div class=\"elementor-widget-wrap elementor-element-populated\">\n\t\t\t\t\t\t<div class=\"elementor-element elementor-element-551fd2c4 elementor-align-left elementor-widget elementor-widget-raven-heading\" data-id=\"551fd2c4\" data-element_type=\"widget\" data-widget_type=\"raven-heading.default\">\n\t\t\t\t<div class=\"elementor-widget-container\">\n\t\t\t\t\t<div class=\"raven-widget-wrapper\"><h5 class=\"raven-heading raven-heading-h5\"><span class=\"raven-heading-title \">Consorcio de Abastecimiento de Aguas a Fuerteventura (CAAF)<\/span><\/h5><\/div>\n\t\t\t\t<\/div>\n\t\t\t\t<\/div>\n\t\t\t\t<div class=\"elementor-element elementor-element-3d357592 elementor-align-left elementor-widget elementor-widget-raven-heading\" data-id=\"3d357592\" data-element_type=\"widget\" data-widget_type=\"raven-heading.default\">\n\t\t\t\t<div class=\"elementor-widget-container\">\n\t\t\t\t\t<div class=\"raven-widget-wrapper\"><h1 class=\"raven-heading raven-heading-h1\"><span class=\"raven-heading-title \">EVALUACI\u00d3N DE LA TRANSPARENCIA EN EL CAAF\n<\/span><\/h1><\/div>\n\t\t\t\t<\/div>\n\t\t\t\t<\/div>\n\t\t\t\t\t<\/div>\n\t\t<\/div>\n\t\t\t\t\t<\/div>\n\t\t<\/section>\n\t\t<div class=\"elementor-element elementor-element-f6da434 e-flex e-con-boxed e-con e-parent\" data-id=\"f6da434\" data-element_type=\"container\" data-settings=\"{&quot;jet_parallax_layout_list&quot;:[]}\">\n\t\t\t\t\t<div class=\"e-con-inner\">\n\t\t\t\t<div class=\"elementor-element elementor-element-e6fad7b elementor-widget elementor-widget-spacer\" data-id=\"e6fad7b\" data-element_type=\"widget\" data-widget_type=\"spacer.default\">\n\t\t\t\t<div class=\"elementor-widget-container\">\n\t\t\t\t\t<div class=\"elementor-spacer\">\n\t\t\t<div class=\"elementor-spacer-inner\"><\/div>\n\t\t<\/div>\n\t\t\t\t<\/div>\n\t\t\t\t<\/div>\n\t\t\t\t<div class=\"elementor-element elementor-element-d9f4829 elementor-widget elementor-widget-text-editor\" data-id=\"d9f4829\" data-element_type=\"widget\" data-widget_type=\"text-editor.default\">\n\t\t\t\t<div class=\"elementor-widget-container\">\n\t\t\t\t\t\t\t<p>En este apartado se recoge la informaci\u00f3n relacionada con la evaluaci\u00f3n de la transparencia del Consorcio de Abastecimiento de Aguas a Fuerteventura :<\/p>\t\t\t\t\t\t<\/div>\n\t\t\t\t<\/div>\n\t\t\t\t<div class=\"elementor-element elementor-element-3914c3c elementor-widget elementor-widget-heading\" data-id=\"3914c3c\" data-element_type=\"widget\" data-widget_type=\"heading.default\">\n\t\t\t\t<div class=\"elementor-widget-container\">\n\t\t\t<h5 class=\"elementor-heading-title elementor-size-default\">\n\u00cdndice de Transparencia de Canarias (ITCanarias)<\/h5>\t\t<\/div>\n\t\t\t\t<\/div>\n\t\t\t\t<div class=\"elementor-element elementor-element-5879415 elementor-widget elementor-widget-text-editor\" data-id=\"5879415\" data-element_type=\"widget\" data-widget_type=\"text-editor.default\">\n\t\t\t\t<div class=\"elementor-widget-container\">\n\t\t\t\t\t\t\t<table class=\"table table-bordered table-colored table-hover table-striped\" align=\"center\"><caption>\n<h6>\u00cdndice de Transparencia de Canarias (ITCanarias)<\/h6>\n<\/caption>\n<thead>\n<tr>\n<th class=\"text-center\"><img decoding=\"async\" class=\"aligncenter\" src=\"https:\/\/transparencia.caaf.es\/wp-content\/uploads\/2025\/02\/LOGO_B1.jpg\" alt=\"\" width=\"98\" height=\"80\" \/><\/th>\n<th><\/th>\n<\/tr>\n<tr>\n<th class=\"text-center\" rowspan=\"1\">2024<\/th>\n<th><\/th>\n<\/tr>\n<\/thead>\n<tbody>\n<tr>\n<td>2023<\/td>\n<td><\/td>\n<\/tr>\n<tr>\n<td>2022<\/td>\n<td>0,21<\/td>\n<\/tr>\n<tr>\n<td>2021<\/td>\n<td>5,30<\/td>\n<\/tr>\n<tr>\n<td class=\"text-right text-center\">2020<\/td>\n<td>6,61<\/td>\n<\/tr>\n<tr>\n<td>2019<\/td>\n<td>5,85<\/td>\n<\/tr>\n<tr>\n<td>2018<\/td>\n<td>6,80<\/td>\n<\/tr>\n<tr>\n<td>2017<\/td>\n<td>Incumplidora<\/td>\n<\/tr>\n<\/tbody>\n<\/table>\t\t\t\t\t\t<\/div>\n\t\t\t\t<\/div>\n\t\t\t\t<div class=\"elementor-element elementor-element-db787ce elementor-widget elementor-widget-text-editor\" data-id=\"db787ce\" data-element_type=\"widget\" data-widget_type=\"text-editor.default\">\n\t\t\t\t<div class=\"elementor-widget-container\">\n\t\t\t\t\t\t\t<ul><li><a href=\"https:\/\/transparencia.caaf.es\/wp-content\/uploads\/2025\/02\/Resultado-de-la-evaluacion-del-grado-de-transparencia-2022.pdf\" target=\"_blank\" rel=\"noopener\">Resultado de la evaluaci\u00f3n del grado de transparencia del a\u00f1o 2022<\/a><\/li><li><a href=\"https:\/\/transparencia.caaf.es\/wp-content\/uploads\/2025\/02\/Resultado-de-la-evaluacion-del-grado-de-transparencia-2021.pdf\" target=\"_blank\" rel=\"noopener\">Resultado de la evaluaci\u00f3n del grado de transparencia del a\u00f1o 2021<\/a><\/li><li><a href=\"https:\/\/transparencia.caaf.es\/wp-content\/uploads\/2025\/02\/Resultado-de-la-evaluacion-del-grado-de-transparencia-2020.pdf\" target=\"_blank\" rel=\"noopener\">Resultado de la evaluaci\u00f3n del grado de transparencia del a\u00f1o 2020<\/a><\/li><li><a href=\"https:\/\/transparencia.caaf.es\/wp-content\/uploads\/2025\/02\/Resultado-de-la-evaluacion-del-grado-de-transparencia-2019.pdf\" target=\"_blank\" rel=\"noopener\">Resultado de la evaluaci\u00f3n del grado de transparencia del a\u00f1o 2019<\/a><\/li><li><a href=\"https:\/\/transparencia.caaf.es\/wp-content\/uploads\/2025\/02\/Resultado-de-la-evaluacion-del-grado-de-transparencia-2018.pdf\" target=\"_blank\" rel=\"noopener\">Resultado de la evaluacion del grado de transparencia del a\u00f1o 2018<\/a><\/li><\/ul>\t\t\t\t\t\t<\/div>\n\t\t\t\t<\/div>\n\t\t\t\t\t<\/div>\n\t\t\t\t<\/div>\n\t\t<div class=\"elementor-element elementor-element-a41c0ba e-flex e-con-boxed e-con e-parent\" data-id=\"a41c0ba\" data-element_type=\"container\" data-settings=\"{&quot;jet_parallax_layout_list&quot;:[]}\">\n\t\t\t\t\t<div class=\"e-con-inner\">\n\t\t\t\t<div class=\"elementor-element elementor-element-d041bd1 elementor-widget elementor-widget-spacer\" data-id=\"d041bd1\" data-element_type=\"widget\" data-widget_type=\"spacer.default\">\n\t\t\t\t<div class=\"elementor-widget-container\">\n\t\t\t\t\t<div class=\"elementor-spacer\">\n\t\t\t<div class=\"elementor-spacer-inner\"><\/div>\n\t\t<\/div>\n\t\t\t\t<\/div>\n\t\t\t\t<\/div>\n\t\t\t\t\t<\/div>\n\t\t\t\t<\/div>\n\t\t\t\t<\/div>\n\t\t","protected":false},"excerpt":{"rendered":"<p>Consorcio de Abastecimiento de Aguas a Fuerteventura (CAAF) EVALUACI\u00d3N DE LA TRANSPARENCIA EN EL CAAF En este apartado se recoge la informaci\u00f3n relacionada con la evaluaci\u00f3n de la transparencia del Consorcio de Abastecimiento de Aguas a Fuerteventura : \u00cdndice de Transparencia de Canarias (ITCanarias) \u00cdndice de Transparencia de Canarias (ITCanarias) 2024 2023 2022 0,21 2021 [&hellip;]<\/p>\n","protected":false},"author":1,"featured_media":0,"parent":0,"menu_order":0,"comment_status":"closed","ping_status":"closed","template":"elementor_header_footer","meta":{"_acf_changed":false,"footnotes":""},"class_list":["post-541","page","type-page","status-publish","hentry"],"acf":[],"_links":{"self":[{"href":"https:\/\/transparencia.caaf.es\/index.php?rest_route=\/wp\/v2\/pages\/541","targetHints":{"allow":["GET"]}}],"collection":[{"href":"https:\/\/transparencia.caaf.es\/index.php?rest_route=\/wp\/v2\/pages"}],"about":[{"href":"https:\/\/transparencia.caaf.es\/index.php?rest_route=\/wp\/v2\/types\/page"}],"author":[{"embeddable":true,"href":"https:\/\/transparencia.caaf.es\/index.php?rest_route=\/wp\/v2\/users\/1"}],"replies":[{"embeddable":true,"href":"https:\/\/transparencia.caaf.es\/index.php?rest_route=%2Fwp%2Fv2%2Fcomments&post=541"}],"version-history":[{"count":37,"href":"https:\/\/transparencia.caaf.es\/index.php?rest_route=\/wp\/v2\/pages\/541\/revisions"}],"predecessor-version":[{"id":1527,"href":"https:\/\/transparencia.caaf.es\/index.php?rest_route=\/wp\/v2\/pages\/541\/revisions\/1527"}],"wp:attachment":[{"href":"https:\/\/transparencia.caaf.es\/index.php?rest_route=%2Fwp%2Fv2%2Fmedia&parent=541"}],"curies":[{"name":"wp","href":"https:\/\/api.w.org\/{rel}","templated":true}]}}